en 121367874 is divided by 3164?
3162
What is the remainder when 62454480 is divided by 111?
108
Calculate the remainder when 14026 is divided by 3554.
3364
Calculate the remainder when 11758 is divided by 5288.
1182
Calculate the remainder when 11706775 is divided by 1208.
47
What is the remainder when 1077530 is divided by 538761?
8
Calculate the remainder when 4420571 is divided by 159.
53
Calculate the remainder when 133967 is divided by 61490.
10987
Calculate the remainder when 499563 is divided by 1600.
363
Calculate the remainder when 3943442 is divided by 1093.
991
Calculate the remainder when 3032178 is divided by 1516051.
76
What is the remainder when 1073468 is divided by 1152?
956
Calculate the remainder when 68770231 is divided by 604.
603
Calculate the remainder when 249938 is divided by 249912.
26
What is the remainder when 2107559 is divided by 117082?
83
Calculate the remainder when 12634719 is divided by 407571.
18
What is the remainder when 59529409 is divided by 1205?
1204
What is the remainder when 1838404 is divided by 612799?
7
Calculate the remainder when 35878672 is divided by 4484833.
8
What is the remainder when 11977043 is divided by 61?
59
Calculate the remainder when 89728782 is divided by 7282.
7260
What is the remainder when 145133 is divided by 1037?
990
What is the remainder when 41908334 is divided by 1259?
1
Calculate the remainder when 205228 is divided by 2332.
12
Calculate the remainder when 170801 is divided by 4200.
2801
Calculate the remainder when 2899164 is divided by 22828.
8
What is the remainder when 22979614 is divided by 1277?
1276
What is the remainder when 600889950 is divided by 55?
45
What is the remainder when 40563797 is divided by 66?
65
What is the remainder when 674003 is divided by 111?
11
What is the remainder when 8432813 is divided by 28?
25
What is the remainder when 1531081 is divided by 76?
61
Calculate the remainder when 773213 is divided by 4630.
3
What is the remainder when 131472 is divided by 63403?
4666
Calculate the remainder when 1195236 is divided by 1428.
0
Calculate the remainder when 1085140 is divided by 67819.
36
Calculate the remainder when 95355906 is divided by 5578.
5574
What is the remainder when 33766893 is divided by 11255579?
156
Calculate the remainder when 186613 is divided by 511.
98
Calculate the remainder when 610424598 is divided by 230.
228
What is the remainder when 868991168 is divided by 42?
38
Calculate the remainder when 1494300 is divided by 10.
0
What is the remainder when 5499 is divided by 5495?
4
What is the remainder when 1986154 is divided by 79?
15
What is the remainder when 67149 is divided by 269?
168
What is the remainder when 28820797 is divided by 94?
21
What is the remainder when 14442655 is divided by 2224?
2223
Calculate the remainder when 158954 is divided by 1709.
17
Calculate the remainder when 2666501 is divided by 91946.
67
Calculate the remainder when 678517 is divided by 7380.
6937
What is the remainder when 255981 is divided by 682?
231
What is the remainder when 52730 is divided by 17428?
446
Calculate the remainder when 52854 is divided by 2283.
345
What is the remainder when 10207 is divided by 714?
211
What is the remainder when 134565 is divided by 657?
537
What is the remainder when 3069318 is divided by 36?
30
What is the remainder when 307288 is divided by 51145?
418
What is the remainder when 3700562 is divided by 22159?
9
What is the remainder when 16619522 is divided by 16042?
10
What is the remainder when 24075 is divided by 2997?
99
What is the remainder when 795601 is divided by 108?
73
What is the remainder when 5470519 is divided by 2738?
2733
Calculate the remainder when 465837 is divided by 33274.
1
What is the remainder when 459 is divided by 32?
11
What is the remainder when 77820933 is divided by 1691759?
19
Calculate the remainder when 169734985 is divided by 56578309.
58
What is the remainder when 3758277 is divided by 232?
109
Calculate the remainder when 801035 is divided by 57187.
417
What is the remainder when 5955448 is divided by 192?
184
What is the remainder when 33235139 is divided by 30?
29
What is the remainder when 570639 is divided by 186?
177
Calculate the remainder when 185408 is divided by 4983.
1037
Calculate the remainder when 38602 is divided by 783.
235
What is the remainder when 1498677 is divided by 135?
42
What is the remainder when 4586865 is divided by 143?
140
Calculate the remainder when 256096086 is divided by 1707.
1704
What is the remainder when 7968873 is divided by 934?
919
What is the remainder when 95754 is divided by 1150?
304
Calculate the remainder when 24019266 is divided by 76.
74
What is the remainder when 49212 is divided by 78?
72
Calculate the remainder when 20828595 is divided by 129.
126
What is the remainder when 220615 is divided by 559?
369
What is the remainder when 349669 is divided by 136?
13
What is the remainder when 9109817 is divided by 1529?
35
Calculate the remainder when 392323 is divided by 78374.
453
What is the remainder when 385025 is divided by 10?
5
What is the remainder when 8542170 is divided by 1220300?
70
Calculate the remainder when 41184361 is divided by 2745624.
1
Calculate the remainder when 307848 is divided by 2683.
1986
Calculate the remainder when 257417 is divided by 176.
105
Calculate the remainder when 5742164 is divided by 214.
116
What is the remainder when 3715201 is divided by 43200?
1
What is the remainder when 73070 is divided by 4577?
4415
Calculate the remainder when 13710961 is divided by 452.
445
What is the remainder when 465580 is divided by 2597?
717
What is the remainder when 7288969 is divided by 9877?
9620
Calculate the remainder when 163550 is divided by 163546.
4
Calculate the remainder when 6199595 is divided by 15195.
35
What is the remainder when 5145357 is divided by 13059?
111
Calculate the remainder when 64967428 is divided by 64967422.
6
Calculate the remainder when 718205 is divided by 5989.
5514
What is the remainder when 5604904 is divided by 16?
8
What is the remainder when 9830882 is divided by 71238?
38
What is the remainder when 115754 is divided by 1781?
1770
Calculate the remainder when 58362035 is divided by 920.
915
What is the remainder when 71827212 is divided by 341?
336
What is the remainder when 859210 is divided by 859172?
38
What is the remainder when 432290 is divided by 15425?
390
Calculate the remainder when 111504 is divided by 22282.
94
Calculate the remainder when 18966209 is divided by 9483075.
59
What is the remainder when 7715207 is divided by 6187?
18
What is the remainder when 500066 is divided by 5208?
98
What is the remainder when 18115644 is divided by 1491?
1485
Calculate the remainder when 56676749 is divided by 1435.
1424
Calculate the remainder when 371246 is divided by 367856.
3390
Calculate the remainder when 137274 is divided by 45508.
750
Calculate the remainder when 1336470 is divided by 1801.
128
Calculate the remainder when 1416595 is divided by 3.
1
What is the remainder when 9082 is divided by 557?
170
Calculate the remainder when 1105354 is divided by 86.
82
What is the remainder when 76872 is divided by 156?
120
Calculate the remainder when 3714846 is divided by 176896.
30
Calculate the remainder when 852199 is divided by 51.
40
Calculate the remainder when 48010 is divided by 45782.
2228
What is the remainder when 38604 is divided by 9616?
140
Calculate the remainder when 330324711 is divided by 1893.
1890
What is the remainder when 127512 is divided by 127017?
495
What is the remainder when 19298906 is divided by 788?
786
What is the remainder when 6085320 is divided by 211?
80
What is the remainder when 4260568 is divided by 45?
13
What is the remainder when 4545448 is divided by 518?
516
What is the remainder when 77381348 is divided by 38690671?
6
Calculate the remainder when 75509 is divided by 8374.
143
What is the remainder when 27794 is divided by 13816?
162
What is the remainder when 325262338 is divided by 5820?
5818
What is the remainder when 64158147 is divided by 2842?
2839
Calculate the remainder when 222140 is divided by 24655.
245
What is the remainder when 99318 is divided by 100?
18
What is the remainder when 10332826 is divided